ided by 102?
100
Calculate the remainder when 2728 is divided by 860.
148
What is the remainder when 6347 is divided by 46?
45
What is the remainder when 195 is divided by 66?
63
Calculate the remainder when 125 is divided by 14.
13
Calculate the remainder when 14677 is divided by 40.
37
Calculate the remainder when 261 is divided by 38.
33
Calculate the remainder when 871 is divided by 22.
13
Calculate the remainder when 191 is divided by 45.
11
Calculate the remainder when 1969 is divided by 34.
31
What is the remainder when 850 is divided by 97?
74
Calculate the remainder when 354 is divided by 38.
12
What is the remainder when 135 is divided by 31?
11
Calculate the remainder when 544 is divided by 131.
20
Calculate the remainder when 91 is divided by 17.
6
What is the remainder when 20 is divided by 3?
2
What is the remainder when 317 is divided by 107?
103
Calculate the remainder when 249 is divided by 25.
24
Calculate the remainder when 59277 is divided by 277.
276
Calculate the remainder when 597 is divided by 46.
45
Calculate the remainder when 77 is divided by 46.
31
What is the remainder when 778 is divided by 26?
24
Calculate the remainder when 67 is divided by 14.
11
Calculate the remainder when 188 is divided by 38.
36
Calculate the remainder when 20 is divided by 19.
1
What is the remainder when 2718 is divided by 20?
18
What is the remainder when 270 is divided by 23?
17
What is the remainder when 8855 is divided by 36?
35
What is the remainder when 94 is divided by 18?
4
Calculate the remainder when 333 is divided by 14.
11
Calculate the remainder when 4177 is divided by 102.
97
What is the remainder when 82 is divided by 45?
37
What is the remainder when 275 is divided by 76?
47
Calculate the remainder when 101 is divided by 6.
5
What is the remainder when 252 is divided by 145?
107
What is the remainder when 3094 is divided by 72?
70
Calculate the remainder when 89 is divided by 25.
14
Calculate the remainder when 941 is divided by 23.
21
What is the remainder when 21 is divided by 14?
7
Calculate the remainder when 1314 is divided by 430.
24
Calculate the remainder when 51 is divided by 49.
2
Calculate the remainder when 2141 is divided by 165.
161
What is the remainder when 781 is divided by 9?
7
Calculate the remainder when 801 is divided by 73.
71
Calculate the remainder when 115 is divided by 50.
15
What is the remainder when 922 is divided by 204?
106
What is the remainder when 2563 is divided by 48?
19
Calculate the remainder when 2771 is divided by 12.
11
What is the remainder when 58 is divided by 26?
6
What is the remainder when 679 is divided by 8?
7
Calculate the remainder when 136 is divided by 66.
4
What is the remainder when 230 is divided by 77?
76
Calculate the remainder when 665 is divided by 67.
62
What is the remainder when 139 is divided by 67?
5
Calculate the remainder when 79 is divided by 28.
23
What is the remainder when 2046 is divided by 171?
165
What is the remainder when 494 is divided by 106?
70
Calculate the remainder when 477 is divided by 30.
27
Calculate the remainder when 113 is divided by 37.
2
Calculate the remainder when 7808 is divided by 12.
8
What is the remainder when 538 is divided by 18?
16
What is the remainder when 485 is divided by 42?
23
What is the remainder when 67 is divided by 18?
13
What is the remainder when 791 is divided by 40?
31
What is the remainder when 46 is divided by 22?
2
What is the remainder when 2241 is divided by 747?
0
Calculate the remainder when 1384 is divided by 42.
40
Calculate the remainder when 205 is divided by 43.
33
Calculate the remainder when 227 is divided by 48.
35
Calculate the remainder when 1086 is divided by 136.
134
What is the remainder when 13937 is divided by 20?
17
Calculate the remainder when 49 is divided by 13.
10
Calculate the remainder when 97 is divided by 39.
19
Calculate the remainder when 286 is divided by 97.
92
Calculate the remainder when 558 is divided by 71.
61
Calculate the remainder when 673 is divided by 22.
13
Calculate the remainder when 87 is divided by 42.
3
What is the remainder when 42740 is divided by 43?
41
Calculate the remainder when 13599 is divided by 67.
65
What is the remainder when 35 is divided by 3?
2
Calculate the remainder when 75 is divided by 56.
19
Calculate the remainder when 49 is divided by 17.
15
Calculate the remainder when 107 is divided by 11.
8
What is the remainder when 8 is divided by 7?
1
Calculate the remainder when 42 is divided by 41.
1
What is the remainder when 305 is divided by 36?
17
Calculate the remainder when 143 is divided by 72.
71
What is the remainder when 568 is divided by 24?
16
Calculate the remainder when 76 is divided by 28.
20
What is the remainder when 450 is divided by 135?
45
What is the remainder when 2474 is divided by 15?
14
Calculate the remainder when 109 is divided by 20.
9
Calculate the remainder when 7581 is divided by 24.
21
What is the remainder when 669 is divided by 48?
45
Calculate the remainder when 3529 is divided by 61.
52
What is the remainder when 82 is divided by 16?
2
Calculate the remainder when 415 is divided by 141.
133
What is the remainder when 78 is divided by 23?
9
What is the remainder when 180 is divided by 46?
42
Calculate the remainder when 265 is divided by 114.
37
What is the remainder when 264 is divided by 16?
8
What is the remainder when 416 is divided by 69?
2
Calculate the remainder when 1219 is divided by 103.
86
What is the remainder when 1588 is divided by 10?
8
What is the remainder when 71425 is divided by 142?
141
What is the remainder when 136 is divided by 128?
8
Calculate the remainder when 46 is divided by 2.
0
What is the remainder when 33 is divided by 27?
6
What is the remainder when 5542 is divided by 88?
86
Calculate the remainder when 1021 is divided by 327.
40
What is the remainder when 39 is divided by 23?
16
What is the remainder when 177 is divided by 45?
42
What is the remainder when 70 is divided by 45?
25
Calculate the remainder when 32 is divided by 12.
8
Calculate the remainder when 214 is divided by 207.
7
Calculate the remainder when 1844 is divided by 306.
8
Calculate the remainder when 281 is divided by 47.
46
Calculate the remainder when 156 is divided by 72.
12
What is the remainder when 413 is divided by 58?
7
What is the remainder when 179 is divided by 47?
38
Calculate the remainder when 3031 is divided by 41.
38
What is the remainder when 2459 is divided by 309?
296
What is the remainder when 206 is divided by 35?
31
What is the remainder when 1338 is divided by 228?
198
Calculate the remainder when 1051 is divided by 27.
25
Calculate the remainder when 575 is divided by 96.
95
Calculate the remainder when 334 is divided by 24.
22
Calculate the remainder when 207 is divided by 14.
11
Calculate the remainder when 106 is divided by 31.
13
What is the remainder when 4912 is divided by 182?
180
What is the remainder when 276 is divided by 139?
137
What is the remainder when 9385 is divided by 81?
70
What is the remainder when 4417 is divided by 1467?
16
What is the remainder when 571 is divided by 41?
38
Calculate the remainder when 777 is divided by 13.
10
What is the remainder when 324 is divided by 28?
16
What is the remainder when 203 is divided by 6?
5
What is the remainder when 405 is divided by 84?
69
Calculate the remainder when 641 is divided by 210.
11
What is the remainder when 81 is divided by 70?
11
What is the remainder when 565 is divided by 25?
15
Calculate the remainder when 3523 is divided by 12.
7
Calculate the remainder when 178 is divided by 52.
22
Calculate the remainder when 28 is divided by 2.
0
What is the remainder when 160 is divided by 31?
5
Calculate the remainder when 184 is divided by 4.
0
Calculate the remainder when 5807 is divided by 1447.
19
Calculate the remainder when 57 is divided by 5.
2
What is the remainder when 372 is divided by 67?
37
What is the remainder when 43 is divided by 1?
0
Calculate the remainder when 675 is divided by 30.
15
What is the remainder when 4514 is divided by 55?
4
What is the remainder when 1353 is divided by 137?
120
Calculate the remainder when 53 is divided by 8.
5
What is the remainder when 177 is divided by 18?
15
What is